{"id":29,"date":"2023-10-18T11:03:17","date_gmt":"2023-10-18T09:03:17","guid":{"rendered":"http:\/\/ceza.localhost\/?page_id=29"},"modified":"2024-03-25T12:16:22","modified_gmt":"2024-03-25T11:16:22","slug":"cooperations","status":"publish","type":"page","link":"https:\/\/ceza.de\/english\/references\/cooperations","title":{"rendered":"Co-operations"},"content":{"rendered":"\n<p>The following is an excerpt of our co-operations:<\/p>\n\n\n\n<ul class=\"wp-block-list\">\n<li>Universit\u00e4t T\u00fcbingen \u2013 INSTITUTIONELLE KOOPERATION \u2013 since 2004<\/li>\n\n\n\n<li>Deutsches Arch\u00e4ologisches Institut, Berlin \u2013 since 2006<\/li>\n\n\n\n<li>Landesamt f\u00fcr Arch\u00e4ologie und Denkmalpflege Sachsen-Anhalt, Halle \u2013 since 2004<\/li>\n\n\n\n<li>Max-Planck-Institut f\u00fcr evolution\u00e4re Anthropologie, Leipzig \u2013 since 2010<\/li>\n\n\n\n<li>Landesamt f\u00fcr Arch\u00e4ologie Sachsen, Dresden \u2013 since 2015<\/li>\n\n\n\n<li>Landesamt f\u00fcr Denkmalpflege HessenARCH\u00c4OLOGIE, Wiesbaden \u2013 since 2016<\/li>\n\n\n\n<li>Universit\u00e4t Mainz \u2013 since 2014<\/li>\n\n\n\n<li>Generaldirektion Kulturelles Erbe Rheinland-Pfalz, Koblenz \u2013 since 2013<\/li>\n\n\n\n<li>Leibniz-Zentrum f\u00fcr Arch\u00e4ologie, Mainz \u2013 since 2012<\/li>\n\n\n\n<li>Bayerisches Landesamt f\u00fcr Denkmalpflege, Munich \u2013 since 2015<\/li>\n\n\n\n<li>Universit\u00e4t Hohenheim \u2013 since 2014<\/li>\n\n\n\n<li>Landesamt f\u00fcr Denkmalpflege Baden-W\u00fcrttemberg, Stuttgart \u2013 since 2016<\/li>\n\n\n\n<li>Deutsches Bergbau-Museum, Bochum \u2013 since 2007<\/li>\n\n\n\n<li>Universit\u00e4t Heidelberg \u2013 since 2009<\/li>\n\n\n\n<li>Institut f\u00fcr Orientalische und Europ\u00e4ische Arch\u00e4ologie<br>der \u00d6sterreichischen Akademie der Wissenscha\u008aften, Vienna \u2013 since 2014<\/li>\n\n\n\n<li>Nationales Arch\u00e4ologisches Institut mit Museum<br>bei der Bulgarischen Akademie der Wissenscha\u008aften, Sofia \u2013 since 2016<\/li>\n\n\n\n<li>Arch\u00e4ologisches Institut der Akademie der Wissenscha\u008aften<br>der Tschechischen Republik, Prague \u2013 since 2016<\/li>\n<\/ul>\n","protected":false},"excerpt":{"rendered":"<p>The following is an excerpt of our co-operations:<\/p>\n","protected":false},"author":1,"featured_media":934,"parent":25,"menu_order":0,"comment_status":"closed","ping_status":"closed","template":"","meta":{"editor_notices":[],"footnotes":""},"class_list":["post-29","page","type-page","status-publish","has-post-thumbnail","hentry"],"yoast_head":"<!-- This site is optimized with the Yoast SEO plugin v27.3 - https:\/\/yoast.com\/product\/yoast-seo-wordpress\/ -->\n<title>Co-operations - CEZA EN<\/title>\n<meta name=\"description\" content=\"Curt-Engelhorn Center for Archaeometry gGmbH: Collaboration with reputable institutes for a broad range of services and long-term planning security.\" \/>\n<meta name=\"robots\" content=\"index, follow, max-snippet:-1, max-image-preview:large, max-video-preview:-1\" \/>\n<link rel=\"canonical\" href=\"https:\/\/ceza.de\/english\/references\/cooperations\" \/>\n<meta property=\"og:locale\" content=\"en_US\" \/>\n<meta property=\"og:type\" content=\"article\" \/>\n<meta property=\"og:title\" content=\"Co-operations - CEZA EN\" \/>\n<meta property=\"og:description\" content=\"Curt-Engelhorn Center for Archaeometry gGmbH: Collaboration with reputable institutes for a broad range of services and long-term planning security.\" \/>\n<meta property=\"og:url\" content=\"https:\/\/ceza.de\/english\/references\/cooperations\" \/>\n<meta property=\"og:site_name\" content=\"CEZA EN\" \/>\n<meta property=\"article:publisher\" content=\"https:\/\/www.facebook.com\/people\/Curt-Engelhorn-Zentrum-Arch%c3%a4ometrie\/100067599853568\/\" \/>\n<meta property=\"article:modified_time\" content=\"2024-03-25T11:16:22+00:00\" \/>\n<meta property=\"og:image\" content=\"https:\/\/ceza.de\/english\/wp-content\/uploads\/sites\/2\/2023\/11\/kooperationen.jpg\" \/>\n\t<meta property=\"og:image:width\" content=\"1200\" \/>\n\t<meta property=\"og:image:height\" content=\"800\" \/>\n\t<meta property=\"og:image:type\" content=\"image\/jpeg\" \/>\n<meta name=\"twitter:card\" content=\"summary_large_image\" \/>\n<script type=\"application\/ld+json\" class=\"yoast-schema-graph\">{\"@context\":\"https:\\\/\\\/schema.org\",\"@graph\":[{\"@type\":\"WebPage\",\"@id\":\"https:\\\/\\\/ceza.de\\\/english\\\/references\\\/cooperations\",\"url\":\"https:\\\/\\\/ceza.de\\\/english\\\/references\\\/cooperations\",\"name\":\"Co-operations - CEZA EN\",\"isPartOf\":{\"@id\":\"https:\\\/\\\/ceza.de\\\/english\\\/#website\"},\"primaryImageOfPage\":{\"@id\":\"https:\\\/\\\/ceza.de\\\/english\\\/references\\\/cooperations#primaryimage\"},\"image\":{\"@id\":\"https:\\\/\\\/ceza.de\\\/english\\\/references\\\/cooperations#primaryimage\"},\"thumbnailUrl\":\"https:\\\/\\\/ceza.de\\\/english\\\/wp-content\\\/uploads\\\/sites\\\/2\\\/2023\\\/11\\\/kooperationen.jpg\",\"datePublished\":\"2023-10-18T09:03:17+00:00\",\"dateModified\":\"2024-03-25T11:16:22+00:00\",\"description\":\"Curt-Engelhorn Center for Archaeometry gGmbH: Collaboration with reputable institutes for a broad range of services and long-term planning security.\",\"breadcrumb\":{\"@id\":\"https:\\\/\\\/ceza.de\\\/english\\\/references\\\/cooperations#breadcrumb\"},\"inLanguage\":\"en-US\",\"potentialAction\":[{\"@type\":\"ReadAction\",\"target\":[\"https:\\\/\\\/ceza.de\\\/english\\\/references\\\/cooperations\"]}]},{\"@type\":\"ImageObject\",\"inLanguage\":\"en-US\",\"@id\":\"https:\\\/\\\/ceza.de\\\/english\\\/references\\\/cooperations#primaryimage\",\"url\":\"https:\\\/\\\/ceza.de\\\/english\\\/wp-content\\\/uploads\\\/sites\\\/2\\\/2023\\\/11\\\/kooperationen.jpg\",\"contentUrl\":\"https:\\\/\\\/ceza.de\\\/english\\\/wp-content\\\/uploads\\\/sites\\\/2\\\/2023\\\/11\\\/kooperationen.jpg\",\"width\":1200,\"height\":800,\"caption\":\"Scientific investigation on the computer\"},{\"@type\":\"BreadcrumbList\",\"@id\":\"https:\\\/\\\/ceza.de\\\/english\\\/references\\\/cooperations#breadcrumb\",\"itemListElement\":[{\"@type\":\"ListItem\",\"position\":1,\"name\":\"Home\",\"item\":\"https:\\\/\\\/ceza.de\\\/english\\\/\"},{\"@type\":\"ListItem\",\"position\":2,\"name\":\"References\",\"item\":\"https:\\\/\\\/ceza.de\\\/english\\\/references\"},{\"@type\":\"ListItem\",\"position\":3,\"name\":\"Co-operations\"}]},{\"@type\":\"WebSite\",\"@id\":\"https:\\\/\\\/ceza.de\\\/english\\\/#website\",\"url\":\"https:\\\/\\\/ceza.de\\\/english\\\/\",\"name\":\"CEZA EN\",\"description\":\"With science, high-tech &amp; analysis\",\"potentialAction\":[{\"@type\":\"SearchAction\",\"target\":{\"@type\":\"EntryPoint\",\"urlTemplate\":\"https:\\\/\\\/ceza.de\\\/english\\\/?s={search_term_string}\"},\"query-input\":{\"@type\":\"PropertyValueSpecification\",\"valueRequired\":true,\"valueName\":\"search_term_string\"}}],\"inLanguage\":\"en-US\"}]}<\/script>\n<!-- \/ Yoast SEO plugin. -->","yoast_head_json":{"title":"Co-operations - CEZA EN","description":"Curt-Engelhorn Center for Archaeometry gGmbH: Collaboration with reputable institutes for a broad range of services and long-term planning security.","robots":{"index":"index","follow":"follow","max-snippet":"max-snippet:-1","max-image-preview":"max-image-preview:large","max-video-preview":"max-video-preview:-1"},"canonical":"https:\/\/ceza.de\/english\/references\/cooperations","og_locale":"en_US","og_type":"article","og_title":"Co-operations - CEZA EN","og_description":"Curt-Engelhorn Center for Archaeometry gGmbH: Collaboration with reputable institutes for a broad range of services and long-term planning security.","og_url":"https:\/\/ceza.de\/english\/references\/cooperations","og_site_name":"CEZA EN","article_publisher":"https:\/\/www.facebook.com\/people\/Curt-Engelhorn-Zentrum-Arch%c3%a4ometrie\/100067599853568\/","article_modified_time":"2024-03-25T11:16:22+00:00","og_image":[{"width":1200,"height":800,"url":"https:\/\/ceza.de\/english\/wp-content\/uploads\/sites\/2\/2023\/11\/kooperationen.jpg","type":"image\/jpeg"}],"twitter_card":"summary_large_image","schema":{"@context":"https:\/\/schema.org","@graph":[{"@type":"WebPage","@id":"https:\/\/ceza.de\/english\/references\/cooperations","url":"https:\/\/ceza.de\/english\/references\/cooperations","name":"Co-operations - CEZA EN","isPartOf":{"@id":"https:\/\/ceza.de\/english\/#website"},"primaryImageOfPage":{"@id":"https:\/\/ceza.de\/english\/references\/cooperations#primaryimage"},"image":{"@id":"https:\/\/ceza.de\/english\/references\/cooperations#primaryimage"},"thumbnailUrl":"https:\/\/ceza.de\/english\/wp-content\/uploads\/sites\/2\/2023\/11\/kooperationen.jpg","datePublished":"2023-10-18T09:03:17+00:00","dateModified":"2024-03-25T11:16:22+00:00","description":"Curt-Engelhorn Center for Archaeometry gGmbH: Collaboration with reputable institutes for a broad range of services and long-term planning security.","breadcrumb":{"@id":"https:\/\/ceza.de\/english\/references\/cooperations#breadcrumb"},"inLanguage":"en-US","potentialAction":[{"@type":"ReadAction","target":["https:\/\/ceza.de\/english\/references\/cooperations"]}]},{"@type":"ImageObject","inLanguage":"en-US","@id":"https:\/\/ceza.de\/english\/references\/cooperations#primaryimage","url":"https:\/\/ceza.de\/english\/wp-content\/uploads\/sites\/2\/2023\/11\/kooperationen.jpg","contentUrl":"https:\/\/ceza.de\/english\/wp-content\/uploads\/sites\/2\/2023\/11\/kooperationen.jpg","width":1200,"height":800,"caption":"Scientific investigation on the computer"},{"@type":"BreadcrumbList","@id":"https:\/\/ceza.de\/english\/references\/cooperations#breadcrumb","itemListElement":[{"@type":"ListItem","position":1,"name":"Home","item":"https:\/\/ceza.de\/english\/"},{"@type":"ListItem","position":2,"name":"References","item":"https:\/\/ceza.de\/english\/references"},{"@type":"ListItem","position":3,"name":"Co-operations"}]},{"@type":"WebSite","@id":"https:\/\/ceza.de\/english\/#website","url":"https:\/\/ceza.de\/english\/","name":"CEZA EN","description":"With science, high-tech &amp; analysis","potentialAction":[{"@type":"SearchAction","target":{"@type":"EntryPoint","urlTemplate":"https:\/\/ceza.de\/english\/?s={search_term_string}"},"query-input":{"@type":"PropertyValueSpecification","valueRequired":true,"valueName":"search_term_string"}}],"inLanguage":"en-US"}]}},"_links":{"self":[{"href":"https:\/\/ceza.de\/english\/wp-json\/wp\/v2\/pages\/29","targetHints":{"allow":["GET"]}}],"collection":[{"href":"https:\/\/ceza.de\/english\/wp-json\/wp\/v2\/pages"}],"about":[{"href":"https:\/\/ceza.de\/english\/wp-json\/wp\/v2\/types\/page"}],"author":[{"embeddable":true,"href":"https:\/\/ceza.de\/english\/wp-json\/wp\/v2\/users\/1"}],"replies":[{"embeddable":true,"href":"https:\/\/ceza.de\/english\/wp-json\/wp\/v2\/comments?post=29"}],"version-history":[{"count":7,"href":"https:\/\/ceza.de\/english\/wp-json\/wp\/v2\/pages\/29\/revisions"}],"predecessor-version":[{"id":5299,"href":"https:\/\/ceza.de\/english\/wp-json\/wp\/v2\/pages\/29\/revisions\/5299"}],"up":[{"embeddable":true,"href":"https:\/\/ceza.de\/english\/wp-json\/wp\/v2\/pages\/25"}],"wp:featuredmedia":[{"embeddable":true,"href":"https:\/\/ceza.de\/english\/wp-json\/wp\/v2\/media\/934"}],"wp:attachment":[{"href":"https:\/\/ceza.de\/english\/wp-json\/wp\/v2\/media?parent=29"}],"curies":[{"name":"wp","href":"https:\/\/api.w.org\/{rel}","templated":true}]}}